dred thousands digit of 515803?
5
What is the thousands digit of 2480254?
0
What is the hundred thousands digit of 1178096?
1
What is the thousands digit of 19419092?
9
What is the hundreds digit of 183894?
8
What is the tens digit of 60614?
1
What is the units digit of 216957?
7
What is the hundred thousands digit of 172880?
1
What is the hundreds digit of 2786367?
3
What is the tens digit of 6159581?
8
What is the tens digit of 63352?
5
What is the ten thousands digit of 1776084?
7
What is the hundreds digit of 3128160?
1
What is the units digit of 1083624?
4
What is the hundreds digit of 114962?
9
What is the hundreds digit of 22001164?
1
What is the hundred thousands digit of 4006942?
0
What is the millions digit of 3147141?
3
What is the hundred thousands digit of 576573?
5
What is the hundred thousands digit of 9024556?
0
What is the hundred thousands digit of 563231?
5
What is the tens digit of 467378?
7
What is the units digit of 3590869?
9
What is the millions digit of 6417515?
6
What is the tens digit of 827949?
4
What is the hundred thousands digit of 1678146?
6
What is the hundred thousands digit of 142891?
1
What is the hundreds digit of 3435910?
9
What is the ten thousands digit of 910211?
1
What is the hundreds digit of 1695085?
0
What is the thousands digit of 2039998?
9
What is the ten thousands digit of 616681?
1
What is the tens digit of 881559?
5
What is the units digit of 4935800?
0
What is the thousands digit of 14284225?
4
What is the millions digit of 2867829?
2
What is the tens digit of 145774?
7
What is the thousands digit of 722682?
2
What is the hundreds digit of 6619405?
4
What is the thousands digit of 92503?
2
What is the ten thousands digit of 9232407?
3
What is the units digit of 11285657?
7
What is the ten thousands digit of 54660?
5
What is the hundred thousands digit of 1484771?
4
What is the thousands digit of 77166?
7
What is the ten thousands digit of 898017?
9
What is the tens digit of 1456820?
2
What is the hundreds digit of 13074223?
2
What is the hundred thousands digit of 171979?
1
What is the hundreds digit of 232964?
9
What is the units digit of 5147516?
6
What is the units digit of 412100?
0
What is the hundreds digit of 248902?
9
What is the ten thousands digit of 1736064?
3
What is the hundred thousands digit of 3595453?
5
What is the units digit of 7743174?
4
What is the thousands digit of 457944?
7
What is the units digit of 1212008?
8
What is the ten millions digit of 12291768?
1
What is the ten thousands digit of 19125?
1
What is the thousands digit of 909026?
9
What is the units digit of 1574239?
9
What is the ten thousands digit of 298526?
9
What is the tens digit of 2654073?
7
What is the tens digit of 780276?
7
What is the ten thousands digit of 2134082?
3
What is the units digit of 435781?
1
What is the millions digit of 6735516?
6
What is the thousands digit of 143554?
3
What is the tens digit of 1343927?
2
What is the tens digit of 400499?
9
What is the hundred thousands digit of 3741781?
7
What is the thousands digit of 919082?
9
What is the units digit of 613041?
1
What is the thousands digit of 855047?
5
What is the tens digit of 2733025?
2
What is the tens digit of 234830?
3
What is the ten thousands digit of 664602?
6
What is the tens digit of 918401?
0
What is the units digit of 311083?
3
What is the thousands digit of 5184098?
4
What is the ten thousands digit of 3479571?
7
What is the tens digit of 7240618?
1
What is the ten thousands digit of 3665171?
6
What is the hundreds digit of 8126175?
1
What is the thousands digit of 3178649?
8
What is the ten millions digit of 21624812?
2
What is the ten thousands digit of 44393?
4
What is the hundreds digit of 399844?
8
What is the tens digit of 238200?
0
What is the hundreds digit of 7263?
2
What is the tens digit of 4644091?
9
What is the tens digit of 3063334?
3
What is the tens digit of 274360?
6
What is the tens digit of 16014081?
8
What is the millions digit of 6479032?
6
What is the hundreds digit of 120604?
6
What is the ten thousands digit of 5340127?
4
What is the tens digit of 845474?
7
What is the hundreds digit of 1051016?
0
What is the units digit of 1230597?
7
What is the units digit of 15326221?
1
What is the units digit of 416563?
3
What is the thousands digit of 2117598?
7
What is the ten thousands digit of 4853029?
5
What is the hundreds digit of 385964?
9
What is the ten thousands digit of 736058?
3
What is the tens digit of 134724?
2
What is the thousands digit of 2815363?
5
What is the ten thousands digit of 78590?
7
What is the thousands digit of 171053?
1
What is the tens digit of 803301?
0
What is the hundreds digit of 14691655?
6
What is the thousands digit of 8155752?
5
What is the millions digit of 9968777?
9
What is the hundred thousands digit of 165181?
1
What is the ten thousands digit of 5580947?
8
What is the thousands digit of 3463642?
3
What is the units digit of 397331?
1
What is the hundreds digit of 2378701?
7
What is the hundreds digit of 367354?
3
What is the hundreds digit of 1481736?
7
What is the hundred thousands digit of 774279?
7
What is the hundred thousands digit of 2171843?
1
What is the ten thousands digit of 5028124?
2
What is the hundred thousands digit of 6859876?
8
What is the tens digit of 3681791?
9
What is the thousands digit of 94942?
4
What is the thousands digit of 3976432?
6
What is the tens digit of 841436?
3
What is the hundreds digit of 609044?
0
What is the units digit of 6535631?
1
What is the tens digit of 1326245?
4
What is the hundred thousands digit of 260619?
2
What is the tens digit of 3436287?
8
What is the millions digit of 7279615?
7
What is the tens digit of 147676?
7
What is the hundred thousands digit of 1384517?
3
What is the ten thousands digit of 1603485?
0
What is the hundreds digit of 22481116?
1
What is the hundreds digit of 8918658?
6
What is the ten thousands digit of 96154?
9
What is the hundred thousands digit of 6798156?
7
What is the ten thousands digit of 169072?
6
What is the hundred thousands digit of 160380?
1
What is the hundreds digit of 829938?
9
What is the thousands digit of 2614269?
4
What is the thousands digit of 11573278?
3
What is the thousands digit of 97833?
7
What is the millions digit of 13242699?
3
What is the millions digit of 1124375?
1
What is the thousands digit of 658782?
8
What is the ten millions digit of 29116320?
2
What is the units digit of 869183?
3
What is the units digit of 2629442?
2
What is the tens digit of 1119035?
3
What is the hundred thousands digit of 16709785?
7
What is the thousands digit of 1641905?
1
What is the millions digit of 1830110?
1
What is the thousands digit of 732232?
2
What is the hundreds digit of 3635639?
6
What is the ten thousands digit of 132346?
3
What is the tens digit of 87822?
2
What is the units digit of 1402171?
1
What is the millions digit of 1081990?
1
What is the millions digit of 2911386?
2
What is the tens digit of 12823452?
5
What is the tens digit of 4671331?
3
What is the units digit of 230075?
5
What is the ten thousands digit of 135183?
3
What is the units digit of 704224?
4
What is the thousands digit of 27694?
7
What is the tens digit of 1592899?
9
What is the units digit of 280439?
9
What is the hundred thousands digit of 845779?
8
What is the tens digit of 3570883?
8
What is the thousands digit of 3780572?
0
What is the hundreds digit of 5960520?
5
What is the hundred thousands digit of 1134647?
1
What is the hundreds digit of 6750098?
0
What is the ten thousands digit of 1990195?
9
What is the ten thousands digit of 502212?
0
What is the tens digit of 60099?
9
What is the thousands digit of 6478590?
8
What is the tens digit of 1868231?
3
What is the hundreds digit of 251385?
3
What is the ten thousands digit of 164938?
6
What is the hundreds digit of 6128448?
4
What is the hundred thousands digit of 245450?
2
What is the thousands digit of 1017044?
7
What is the hundreds digit of 530006?
0
What is the hundred thousands digit of 151491?
1
What is the units digit of 118818?
8
What is the hundreds digit of 1514751?
7
What is the ten millions digit of 26821869?
2
What is the hundred thousands digit of 602612?
6
What is the ten thousands digit of 414586?
1
What is 